 the prime factors of u(0)?
2
Let l(y) = -y**3 - y. Let b(j) = 2*j**3 + 4*j**2 + 2*j. Let n(u) = -b(u) - 4*l(u). List the prime factors of n(3).
2, 3
Let r(f) = f**2. What are the prime factors of r(-5)?
5
Let t = -29 - -107. List the prime factors of t.
2, 3, 13
What are the prime factors of 1*(25 + 1 + 1)?
3
Let b(n) = -2*n - 4. Let f be b(-6). Let d be f*1*(-1)/(-2). What are the prime factors of 4/(-6)*(-30)/d?
5
Suppose -1 = -n - 2. List the prime factors of (-4 - -3) + (n - -30).
2, 7
Suppose 0*c - 5*j - 12 = -c, 48 = 3*c - 3*j. List the prime factors of c.
17
Suppose 3*m - 54 = 36. List the prime factors of m.
2, 3, 5
Let j = 1 - 1. Let g = -9 - -12. Let y = j + g. List the prime factors of y.
3
Let t = 9 - 8. Let h(r) = -2 + r + 3 + r. What are the prime factors of h(t)?
3
Suppose 3*a + 1 = -5*i + 5, 0 = -3*a - 3*i + 6. Suppose y + 3 = -1. Let m = a - y. List the prime factors of m.
7
Let y = -9 - -17. Let c be (1 - 1*-19)*1. Suppose -c = 3*l - y*l. What are the prime factors of l?
2
Let j be 6/((-3)/(9/(-6))). Suppose -f + j*f - 24 = 0. What are the prime factors of f?
2, 3
Let a = 28 - 15. What are the prime factors of a?
13
Suppose 149 = 5*w + 34. List the prime factors of w.
23
Let l = -4 - -15. Let d = l + -6. Suppose -y + 10 + 7 = -d*p, -3*y - 5*p - 9 = 0. List the prime factors of y.
2
Let b be 2/((-4)/(-2)) + -1. Suppose -2*d - 2 - 14 = b. What are the prime factors of (-92)/d - (-2)/(-4)?
11
Let o be (-3)/((-3)/(-6) - 2). Let b be (1 - 3) + (13 - 3). Suppose i - 8 = 4*c, o*i - 3*c = -b*c + 29. List the prime factors of i.
2, 3
Let x = -11 - -16. Suppose t = -x*k - 3*t + 164, 0 = k - 5*t - 56. What are the prime factors of k?
2, 3
Suppose 4*l - 600 = -0*l. Suppose l = 11*u - 5*u. List the prime factors of u.
5
Suppose 0 = w + 2*m - 3*m - 4, 0 = -4*w - 5*m + 34. Let x = w + -8. What are the prime factors of x*(0 + -4) + 0?
2
List the prime factors of (0 - -1) + 2 + 19.
2, 11
Suppose 2*x - 313 = -5*i, 5*i + 870 = 5*x - 0*x. Suppose -x + 57 = -4*u. What are the prime factors of u?
2, 7
Suppose 0 = -5*j + 5*v + 30, 4*v = 3*j - 19 + 5. Suppose -25 = -x + j. List the prime factors of x.
5, 7
Let v(o) = -16*o - 38. List the prime factors of v(-7).
2, 37
Suppose 4*z - 186 = -5*a, z + 0*z = 5*a - 191. List the prime factors of a.
2, 19
Suppose 2*w = -0*w. Suppose h + w - 4 = 0. Suppose -12 + 28 = h*c. List the prime factors of c.
2
Suppose -3*i - i + 24 = 0. Let m = i - -9. Let f = -9 + m. What are the prime factors of f?
2, 3
Let w(z) = -z - 1. Let p be w(2). Let r(j) = -2*j. What are the prime factors of r(p)?
2, 3
Let s(z) = 3*z**2 - z + 9. List the prime factors of s(7).
149
Let g(x) = -14*x - 42. What are the prime factors of g(-12)?
2, 3, 7
Let m(s) = s**3 + 13*s**2 + 9*s - 16. List the prime factors of m(-12).
2, 5
Let v be (-1 + -1)*1 - -7. Suppose v*a - 2*a = 93. List the prime factors of a.
31
Let h = 224 - 96. List the prime factors of h.
2
List the prime factors of 1 - 0 - (1 + -39).
3, 13
Suppose v + 148 = 3*a, -3*v = a - 0*v - 46. Suppose -5*n = -a + 4. What are the prime factors of (n/12)/((-2)/(-48))?
2, 3
What are the prime factors of 8/4 + -4 + 138?
2, 17
Suppose -6*v = -46 - 116. List the prime factors of v.
3
Let k = 1 + 2. Suppose 24 = -c + k*c. List the prime factors of c.
2, 3
Let y be 3 + (-3)/6*0. Suppose 0*a = a + 5*t - 23, -5*a + y*t = -3. List the prime factors of a.
3
Let o(s) = s**3 + 9*s**2 - 14*s - 10. Suppose -2*f - 28 = -8. List the prime factors of o(f).
2, 3, 5
Suppose 0 = -2*k - 3*a + 308, 0 = 5*k + 5*a - 343 - 417. What are the prime factors of k?
2, 37
Let g = -1 - -1. Let k = g - 4. List the prime factors of 5 - ((-1 - k) + -2).
2
Let b(h) = -2*h - 3. Let l be b(-11). Let y(o) = 4*o + 4. Let g be y(6). Let j = g - l. List the prime factors of j.
3
Suppose 5*q = 5*o + 125, 2*q = -2*o + 19 + 15. Suppose -4*f = -2*p - 14, p + f = 5*p + q. What are the prime factors of 86/10 - (-3)/p?
2
Let q = 1 - -1. Let g = q - -1. Suppose -g*v = -3 - 6. List the prime factors of v.
3
Suppose -3*t + 5*o - o - 4 = 0, -4 = t - 2*o. Let c(a) = 2 + t*a + 0*a + 0*a. What are the prime factors of c(2)?
2, 5
Let q = 16 + 9. Suppose 0 = -5*v + q, 3*t + v - 22 = 5*v. List the prime factors of t.
2, 7
Let d = 12 - 12. Suppose d = -3*v - 2*m - 24 + 83, 3*m = 3. What are the prime factors of v?
19
Suppose 0 = -17*x + 421 + 4. List the prime factors of x.
5
Suppose -15*w = -19*w. Let j(y) = -y**3 - 3*y**2 - 5*y - 3. Let q be j(-3). Suppose d = -w*d + q. What are the prime factors of d?
2, 3
Let r be 15/(-10)*(-3 - -1). Let p = r + -1. Suppose p*d + 15 = 5*d. List the prime factors of d.
5
List the prime factors of (20 - -5) + (-2 - -5).
2, 7
Let l(r) = r. Let d be l(-2). What are the prime factors of 952/40 + d/(-10)?
2, 3
List the prime factors of ((-12)/(-4))/(-3)*(-196 + -1).
197
Let a = -138 + 432. What are the prime factors of a?
2, 3, 7
Let w(r) = r + 4. Let y(o) = -4*o - 12. Let f(m) = 7*w(m) + 2*y(m). Let k be f(-9). Suppose -5 - k = -3*c. List the prime factors of c.
2, 3
Let b(f) be the third derivative of f**6/120 - f**5/12 + 5*f**4/24 - f**3/3 + 2*f**2. Let i be b(4). List the prime factors of -1 + i + 6/3.
3
Let u = -212 - -365. List the prime factors of u.
3, 17
Suppose -2*q - 21 = -n - q, 0 = n - 5*q - 13. Suppose 2*g + 32 = -0*g. Let b = g + n. List the prime factors of b.
7
List the prime factors of (-109)/(-5) + 1/5.
2, 11
Let d(s) = 6*s**2 - 3*s - 3. Let n be d(-4). List the prime factors of (-2)/8 + n/4.
2, 13
Let n = -62 + 80. What are the prime factors of n?
2, 3
List the prime factors of 1372/18 + (-2)/9.
2, 19
Let w(s) = -s**2 - 12*s - 12. Let t be w(-10). Let b be t/(-12) - 20/6. What are the prime factors of b/(-12) - 53/(-3)?
2, 3
Suppose 0 = -3*d + 19 + 119. What are the prime factors of d?
2, 23
Suppose -5*m + 3*b + 410 = -m, 4*m - 424 = -4*b. List the prime factors of m.
2, 13
Suppose -3*u - 21 = -165. Let d = u - 29. What are the prime factors of d?
19
Let n = 3 - -282. What are the prime factors of n?
3, 5, 19
Let n be (0 - (1 - 1))/(-2). Let d(f) = -3*f + 3. Let h be d(-2). Let o = n + h. List the prime factors of o.
3
Let m(h) = -2*h + 5. Let r be m(-6). Suppose -3*y + r = -4*v + 62, 20 = v + y. What are the prime factors of v?
3, 5
Suppose -4*w + 3 = -5. Suppose 4*j - 100 = -4*b, -3*b - 5*j = -78 - 5. Suppose -3*y + 30 = -w*v - 33, -y + b = 4*v. List the prime factors of y.
3, 7
Let g(q) = q**2 - 3*q. What are the prime factors of g(-3)?
2, 3
Suppose -u - 10 = -6*u. Suppose 5*d = 5*w + 159 + 11, 0 = -2*w - u. Suppose -9 + d = 3*t. What are the prime factors of t?
2
Let n(y) = y - 5. Let c be n(9). Suppose -1 = -c*b + 3. Let o(p) = 4*p**2 - 2*p + 1. What are the prime factors of o(b)?
3
Let u = -12 - -21. Let k be (u*(-40)/(-6))/(-1). What are the prime factors of (-12)/(-10)*k/(-8)?
3
Let o(p) = -64*p + 17. List the prime factors of o(-3).
11, 19
Let f(r) = -r**3 - 2*r**2 + 9*r + 10. List the prime factors of f(-5).
2, 5
Let s(f) = f**2 + 2*f - 3. Let h be s(2). Suppose h*t = 3*v + 5, 2*t = v + 3*v - 12. What are the prime factors of v?
5
What are the prime factors of (-3 - (-45)/6)*56?
2, 3, 7
Suppose 4*m - 183 = 2*s - m, -302 = 3*s - 2*m. List the prime factors of (s/24)/((-1)/3).
13
Let s(y) = y**3 + y. Let g be -2 + (-12)/(-2 + -1). List the prime factors of s(g).
2, 5
Suppose -4*b = -8 + 40. Let r(p) = -p**3 - 8*p**2 + 8. List the prime factors of r(b).
2
Let b(i) = -4*i**2 + 55. Let q(n) = n**2 - 14. Let l(c) = -2*b(c) - 9*q(c). What are the prime factors of l(0)?
2
Let f(l) = -l + 3. What are the prime factors of f(-6)?
3
Let d = -40 - -79. Let h = 101 - 99. Suppose 0 = p + h*p - d. What are the prime factors of p?
13
Let r(q) = 2*q**3 + 2 + q + 3*q**3 - 7*q**3 - 2*q**2. List the prime factors of r(-2).
2
Let l(d) = 2 + d**2 + 5*d + 2*d**2 + d**3 + 3*d**2. Let v(j) = j + 4. Let k be v(-9). What are the prime factors of l(k)?
2
What are the prime factors of (-4)/(-2 + (-18)/(-10))?
2, 5
Let t be 5/15 + (-96)/(-9). Suppose r = -4*p - 16, 14 + 4 = -2*p - 3*r. Let i = p + t. What are the prime factors of i?
2
Let r = 5 + -10. Let u = 28 + r. List the prime factors of u.
23
Let l = 13 + 8. Suppose -5*o + 26 = -3*p - l, 3*o = 3*p + 33. Suppose 0 = 3*q - 4*q + o. List the prime factors of